w).
-7
Let w be 1610/126 - 4/(-18). Suppose w = -4*y - 5*t, -y - 4*t + 1 = -4. Let n(p) = -p - 3. Give n(y).
4
Let t(k) = 93 + 2*k**2 + 84 - 170 + 15*k. Calculate t(-6).
-11
Let c(p) = -3*p**3 - 3*p**2. Suppose 2*x + 2*o = -36, 16 - 100 = 3*x - 3*o. Let n = 21 + x. What is c(n)?
12
Let i(c) = 2*c + 1. Let g(w) = w**3 + 9*w**2 + 9*w + 12. Let j be g(-8). Suppose -4*s - 18 = 5*v, s + j*v + 0*v + 10 = 0. What is i(s)?
-3
Let x be (45/10 + -5)*-2. Suppose -q - x + 4 = 0. Let k(f) = -3*f + 3. What is k(q)?
-6
Suppose 0*z + 2*z + 6 = 0. Suppose 6*b - b + 3*g = 22, g = b + 2. Let l(y) = -y**3 - 14 + 14 - 3*y**b - 2*y. Calculate l(z).
6
Let o(u) = -50 + u + 44 + 13 + 0*u. What is o(0)?
7
Let v(a) = a**2 + 127*a - 70*a + 8 - 2*a**2 - 63*a. Let s = -18 - -10. Give v(s).
-8
Let w(n) = n + 29. Suppose -5*j + 3*b - 71 = 0, -84*j - 48 = -80*j + 2*b. Calculate w(j).
16
Suppose -y - 2*c - 6 = 4, 4*y = 2*c - 10. Let d(s) = 3 - 4 - 3 - s**2 - 6*s. Calculate d(y).
4
Let h(k) = 9*k**2 - 5. Let m(x) = 2*x - 1. Let w(r) = -h(r) + 2*m(r). Calculate w(-1).
-10
Let t(u) = u**3 + 7*u**2 - 10*u - 109. Let i be t(-6). Let r(w) = -w**3 - 13*w**2 + w + 16. Determine r(i).
3
Let m(x) = 2*x**2 + 23*x - 13. Let a be -18 - 0 - (-8 + 2). Give m(a).
-1
Let b(y) = 108*y - 5. Let j(k) = 2001*k - 92. Let a(m) = 92*b(m) - 5*j(m). Give a(-1).
69
Let r(t) = -5*t**2 + 5*t - 2. Let d(i) be the first derivative of 7*i**3/3 - 4*i**2 + 3*i + 15. Let n(j) = 5*d(j) + 8*r(j). Determine n(-1).
-6
Let v(b) = 7*b + 111. Let s(n) = 11*n + 178. Let p(i) = 5*s(i) - 8*v(i). Give p(9).
-7
Let o(f) = -14 + 145*f + 10*f**2 - 71*f - 67*f + f**3. Calculate o(-9).
4
Let q(h) = h + 11. Suppose -387 = -43*x - 86. What is q(x)?
18
Let t(a) be the second derivative of -a**4/4 - a**3/3 + 3*a**2/2 + 6*a - 25. Give t(2).
-13
Suppose 0 = 121*a - 49*a. Let m(y) be the third derivative of -7/6*y**3 + a*y + 4*y**2 - 1/60*y**5 + 0 - 1/24*y**4. Determine m(0).
-7
Let r be 34/16 + (-2)/16. Let k(u) = -8 + 4 + 0*u**r + 1 + 2*u - u**2. Calculate k(3).
-6
Suppose -4*c = n + 16 + 4, -3*c + 5*n - 15 = 0. Let y(i) = -2*i + 3. Calculate y(c).
13
Let j(c) = -c**2. Let m(o) = -4*o**2. Let i(n) = 4*j(n) + 2*m(n). Suppose -4*y + 19 = -5*z, y - 3*z - 10 = -0*y. Calculate i(y).
-12
Let u(o) = 0*o + 3*o - 1 - 7 + 4*o. Let x(s) = -13*s + 15. Let l(b) = 5*u(b) + 3*x(b). Give l(4).
-11
Let n = -373/2 - -187. Let g(h) be the first derivative of -2 - n*h**2 - h. Calculate g(-6).
5
Let s(z) = -z**2 + 7*z + 8. Let n(a) = 31*a + 37. Let u be n(-1). Give s(u).
14
Let f(a) = -a**2 + 3*a - 2. Let z(b) = -3*b**2 + 8*b - 5. Let o(m) = 11*f(m) - 4*z(m). Calculate o(5).
28
Let l(t) be the third derivative of 1/12*t**4 + 1/20*t**6 - 1/6*t**3 + 0 - 3*t**2 + 0*t**5 + 0*t. Suppose 4 = -7*r + 11*r. What is l(r)?
7
Let g(j) = 7*j**2 + 2*j + 2. Let o(v) = 16*v**2 + 4*v + 5. Let z(s) = -9*g(s) + 4*o(s). Calculate z(2).
2
Suppose 5 + 1 = y. Suppose -11*l + y = -9*l. Let d(f) = -2*f - 2. Give d(l).
-8
Let p(d) = 5*d + 66*d**2 - 33*d**2 - 34*d**2. Suppose 12 = 5*a - 43. Suppose a = 3*v - b, 5*v + 0*b - b = 21. What is p(v)?
0
Let x(g) = -g + 1. Let i(p) = 3*p - 10. Suppose 17*f - 81 = 14*f. Let l be 2/(-9) - (-33)/f. Let n(o) = l*i(o) + 2*x(o). Give n(5).
-3
Let c(p) = 3*p - 5. Let h(k) = -k**2 + 1. Let i be h(-2). Calculate c(i).
-14
Let y be (3 - -1) + (-17 - -16). Let l(o) = o**3 - o**2 - o - 6. Calculate l(y).
9
Let t(z) = -z**2 - 17*z - 15. Let q be -5 + (0 - (7 - -2)). Calculate t(q).
27
Let n(p) = -p. Suppose 3*x + 5*c + 165 = -2*x, x + 13 = 4*c. Let s = x + 27. Give n(s).
2
Let n(t) = -t**2 - 9*t - 1. Let p be -1 + -3 + -4 + 2. Give n(p).
17
Let t(z) be the second derivative of z**7/840 + z**6/720 - z**4/6 + 9*z. Let r(g) be the third derivative of t(g). Give r(1).
4
Let n(t) = 3*t**2 + 5*t + 2. Suppose 5*b - a + 19 = 0, -5*b + 20*a - 17*a = 17. Calculate n(b).
30
Let j(b) = b - 1. Let r(z) = -2*z - 6. Let l(y) = -j(y) - r(y). Let w be (3 - (3 - 1))*0. Suppose 23*d - 18*d + 20 = w. Calculate l(d).
3
Let p(k) be the second derivative of -k**4/6 - 4*k**2 - 87*k. Give p(0).
-8
Let q(r) be the second derivative of -r**4/12 + 5*r**3/3 - 11*r**2/2 + 81*r. Give q(10).
-11
Let o(b) = -b**3 - b**2. Let a(j) be the second derivative of 3*j**5/20 - j**4/12 - j**3/2 + 3*j**2/2 - j. Let w(i) = -a(i) - 4*o(i). Give w(-3).
6
Suppose 0 = 5*q - 2*c - 20, 3*q - 4*c = 36 - 10. Let i(h) be the third derivative of 1/30*h**5 + q*h**2 + 0 - 1/6*h**3 + 0*h + 1/6*h**4. Give i(-3).
5
Let l(n) = 2*n**2 + 4*n + 13. Let t(b) = 3*b**2 + 8*b + 24. Let u(x) = 5*l(x) - 3*t(x). Calculate u(7).
14
Let h(k) = 3*k + 179. Let o(u) = -u - 71. Let c(s) = -2*h(s) - 5*o(s). Suppose 0 = -0*i - i. Determine c(i).
-3
Let b(j) = -2*j**2 + 4*j + 3. Suppose -4 = -a - t, 3 = 2*t - 5*t. What is b(a)?
-27
Let w be (0 - 2) + (5 - 1). Let m(u) = u**2 + u**3 - w*u + 0*u**3 + 0*u**3. Suppose 5*s = 5*p - 10, 5*s + 5*p - 8 = 22. What is m(s)?
8
Let v(h) = -h**3 + 5*h**2 - h + 3. Let r(w) = -w**3 - 5*w**2 - 4*w - 5. Let q = -8 + 3. Let f be r(q). Suppose -14*u = -17*u + f. What is v(u)?
-2
Let h(l) be the third derivative of l**6/120 + 7*l**5/60 + 5*l**4/24 - l**3/6 - 7*l**2 - 12. Give h(-4).
27
Let x(f) = -2*f**2 - 5*f - 5. Let n be (-1691)/445 - (-2)/(-10). Give x(n).
-17
Suppose -4*v + 0*v + 14 = -2*q, -5*v + q + 16 = 0. Let k(l) = -41 + 2*l + 9*l**v + 2*l**2 + 41 - l. Determine k(-1).
-8
Let z be 24/(-18)*(-3)/(-2). Let q(d) = 2*d**3 - 2*d**2 - d + 2. Calculate q(z).
-20
Let s(j) = j - 10. Suppose -5*k = -20*k + 135. What is s(k)?
-1
Let u(z) = 1 + 4*z**2 + z + 2*z - z**3 + 3. Let q(f) = 5*f - 11. Let y(p) = -9*p + 24. Let i(t) = -7*q(t) - 4*y(t). Let j be i(23). What is u(j)?
16
Let m(v) = v**3 + 5*v**2 + 5*v + 5. Let a be m(-4). Let x(z) = 3*z**2 - 3. Let q = 3 - 1. Let b(f) = 2*f**2 - f - 4. Let n(p) = q*b(p) - 3*x(p). What is n(a)?
-6
Let v be 7 + (3 - (-4)/(-4))/(-2). Let r(y) = y**3 - 7*y**2 + 6*y + 2. Calculate r(v).
2
Let l be (-27)/9 - (9/3)/1. Let v(m) = 2*m**2 + 8*m + 7. Give v(l).
31
Suppose 0 = 8*k - 11 - 69. Let o(i) = i - 23. What is o(k)?
-13
Let a(q) = q - 2. Let b(z) = -6*z + 5. Let u(h) = 11*a(h) + 2*b(h). Calculate u(-6).
-6
Let o(q) be the second derivative of -5*q**4/12 - q**3/6 - q**2/2 + 10*q. Let s be o(1). Let z(i) = -i**2 - 8*i - 2. What is z(s)?
5
Let j(k) = k**3 + 6*k**2 - 13*k. Let i(h) = -3*h**3 - 25*h**2 + 58*h + 1. Let r(y) = 2*i(y) + 9*j(y). What is r(-2)?
-4
Let s(u) = -u - 7. Let w be s(-12). Let v = w + -8. Let d(q) = -4*q + 5. Let l(t) = t. Let o(j) = v*l(j) - d(j). What is o(4)?
-1
Let i(d) be the second derivative of d**3/6 + 7*d**2/2 + 3*d + 1. Give i(-7).
0
Let j be 23/3 - (-6)/(-9). Suppose 2*h = -3*n - j, 2*h = 6*h + 4*n + 4. Let p(f) be the second derivative of f**4/12 - f**3 + f**2 + 4*f. Determine p(h).
-6
Let d(v) = -v**3 - 8*v**2 - 7*v + 7. Let f(o) = o**2 - 13*o + 29. Let p be f(4). Calculate d(p).
7
Suppose x = -0*g - 4*g + 106, 3*g - 70 = 4*x. Suppose -5*r = g - 1. Let q be (-21)/35 + (-18)/r. Let y(d) = d + 3. Determine y(q).
6
Let u be 0 + (-3 + -2)*2. Let a = -14 - u. Let q(w) = -14*w**2 - 16*w + 32. Let d(j) = 5*j**2 + 6*j - 11. Let o(x) = -17*d(x) - 6*q(x). Calculate o(a).
3
Let p(z) = -z**3 - 6*z**2 + 7*z + 2. Let a be p(-7). Let v(k) = 5 + a - 3 - 5*k - 1. What is v(2)?
-7
Let i(t) be the first derivative of 7*t**2/2 - 10*t - 469. Calculate i(6).
32
Let r(f) = 6*f**2 - f. Let u(h) = h**3 - 8*h**2 + h - 9. Suppose 0 = 4*i + 5*y - 7, -4*y - 5 = -3*y. Let o be u(i). What is r(o)?
7
Let v(x) = -x**3 + 3*x + 2. Let b(k) = -k**3 - 12*k**2 + 14*k + 10. Let p be b(-13). Give v(p).
20
Let j(z) = -z**3 - 3*z**2 - 21*z - 8. Let q be j(0). Let t(m) = -3*m**2 + 8 + 0*m**2 + 9*m + 4*m**2. What is t(q)?
0
Let v(s) = -4*s - 3. Let k(j) = -j**3 + 5*j**2 + j + 6. Let p be k(-3). Let f = 72 - p. Give v(f).
9
Let q(v) = v - 23. Suppose -k = -127 + 115. Determine q(k).
-11
Let h(n) = n**3 + 6*n**2 - 2*n - 2. Let c = -174 - -254. Let j be (6/(-5))/(16/c). Determine h(j).
10
Let a(l) = 3*l + 22. Let r(u) = 6*u - 87. Let x be r(13). Give a(x).
-5
Let g = -2 - -2. Let f(z) be the third derivative of -z**7/5040 - z**6/180 + 2*z**5/15 + 3*z**2. Let a(y) be the third derivative of f(y). What is a(g)?
-4
Let q(u) be the third derivative of u**5/60 + u**4/4 - 5*u**3/3 -